{"id":1064,"date":"2019-03-05T14:04:06","date_gmt":"2019-03-05T13:04:06","guid":{"rendered":"http:\/\/pixel-mafia.com\/demo\/wordpress-themes\/photobooth\/cart\/"},"modified":"2026-03-31T20:50:34","modified_gmt":"2026-03-31T18:50:34","slug":"cart","status":"publish","type":"page","link":"https:\/\/greenstudio.com.pl\/index.php\/cart\/","title":{"rendered":"FOTOGRAF MOBILNY &#8211; przyjad\u0119 do Twojego domu"},"content":{"rendered":"<div class=\"wpb-content-wrapper\">[vc_row][vc_column][vc_single_image image=&#8221;4164&#8243; img_size=&#8221;large&#8221; css=&#8221;&#8221;][\/vc_column][\/vc_row][vc_row][vc_column][vc_column_text css=&#8221;&#8221;]\r\n<div dir=\"auto\"><strong>FOTOGRAF MOBILNY &#8211; przyjad\u0119 do Twojego domu\r\nDojazd do klienta bezp\u0142atny + zni\u017cka &#8211; 10% z kart\u0105 seniora.\r\n<\/strong><\/div>\r\n<div dir=\"auto\">Zdj\u0119cia do dowodu, paszportu, legitymacji w domach os\u00f3b, kt\u00f3re maj\u0105 trudno\u015bci z poruszaniem si\u0119 \u2013 senior\u00f3w, os\u00f3b chorych, niepe\u0142nosprawnych czy le\u017c\u0105cych.<\/div>\r\n<div dir=\"auto\">Potrzebujesz zdj\u0119cia do dokument\u00f3w, ale nie mo\u017cesz dotrze\u0107 do naszego GREENstudio studio fotograficzne ul. Studzienna 4 w S\u0119p\u00f3lnie Kraje\u0144skim?<\/div>\r\n<div dir=\"auto\">Nie martw si\u0119 \u2013 przyjad\u0119 do Ciebie osobi\u015bcie.<\/div>\r\n<div dir=\"auto\">\r\n\r\nJak to dzia\u0142a?\r\n\r\n<\/div>\r\n<div dir=\"auto\"><span class=\"html-span xexx8yu xyri2b x18d9i69 x1c1uobl x1hl2dhg x16tdsg8 x1vvkbs x3nfvp2 x1j61x8r x1fcty0u xdj266r xat24cr xm2jcoa x1mpyi22 xxymvpz xlup9mm x1kky2od\"><img loading=\"lazy\" decoding=\"async\" class=\"xz74otr x15mokao x1ga7v0g x16uus16 xbiv7yw\" src=\"https:\/\/static.xx.fbcdn.net\/images\/emoji.php\/v9\/t51\/1\/16\/2714.png\" alt=\"\u2714\ufe0f\" width=\"16\" height=\"16\" \/><\/span> Przyje\u017cd\u017cam pod wskazany adres w dogodnym terminie<\/div>\r\n<div dir=\"auto\"><span class=\"html-span xexx8yu xyri2b x18d9i69 x1c1uobl x1hl2dhg x16tdsg8 x1vvkbs x3nfvp2 x1j61x8r x1fcty0u xdj266r xat24cr xm2jcoa x1mpyi22 xxymvpz xlup9mm x1kky2od\"><img loading=\"lazy\" decoding=\"async\" class=\"xz74otr x15mokao x1ga7v0g x16uus16 xbiv7yw\" src=\"https:\/\/static.xx.fbcdn.net\/images\/emoji.php\/v9\/t51\/1\/16\/2714.png\" alt=\"\u2714\ufe0f\" width=\"16\" height=\"16\" \/><\/span> Wykonuj\u0119 profesjonalne zdj\u0119cie <strong>zgodne z wymogami urz\u0119du<\/strong>\u00a0<strong>MSWiA<\/strong> , mam odpowiednie kwalifikacje i t\u0142a, nie musisz si\u0119 rusza\u0107 z miejsca.<\/div>\r\n<div dir=\"auto\"><span class=\"html-span xexx8yu xyri2b x18d9i69 x1c1uobl x1hl2dhg x16tdsg8 x1vvkbs x3nfvp2 x1j61x8r x1fcty0u xdj266r xat24cr xm2jcoa x1mpyi22 xxymvpz xlup9mm x1kky2od\"><img loading=\"lazy\" decoding=\"async\" class=\"xz74otr x15mokao x1ga7v0g x16uus16 xbiv7yw\" src=\"https:\/\/static.xx.fbcdn.net\/images\/emoji.php\/v9\/t51\/1\/16\/2714.png\" alt=\"\u2714\ufe0f\" width=\"16\" height=\"16\" \/><\/span> Otrzymujesz gotowe odbitki lub wersj\u0119 cyfrow\u0105 w kr\u00f3tkim czasie.<\/div>\r\n<div dir=\"auto\">Kontakt: +48 607 142 159 <span class=\"html-span xdj266r x14z9mp xat24cr x1lziwak xexx8yu xyri2b x18d9i69 x1c1uobl x1hl2dhg x16tdsg8 x1vvkbs\"><a class=\"x1i10hfl xjbqb8w x1ejq31n x18oe1m7 x1sy0etr xstzfhl x972fbf x10w94by x1qhh985 x14e42zd x9f619 x1ypdohk xt0psk2 x3ct3a4 xdj266r x14z9mp xat24cr x1lziwak xexx8yu xyri2b x18d9i69 x1c1uobl x16tdsg8 x1hl2dhg xggy1nq x1a2a7pz xkrqix3 x1sur9pj x1fey0fg x1s688f\" tabindex=\"0\" role=\"link\" href=\"https:\/\/www.facebook.com\/szwochert?__cft__[0]=AZbu7yJvY0RkTewBtfK0-XHbRlKy_CGIyV-3EhNPp5DsY5VgbYVMKwiA66BbHcpujZymlnJFzdzcmTefYfk8h_sKbovLLVvhUDfmZ8xUpW6NnUj4Jir9S1v8BH7VDciGLemwrYmNgh58Y7jh2HuwHdSkP11dz3WzjXJu0c1doaZYtg&amp;__tn__=-]K-R\"><span class=\"xt0psk2\"><span class=\"xjp7ctv\">Szymon Szwochert<\/span><\/span><\/a><\/span><\/div>\r\n<div dir=\"auto\"><span class=\"html-span xexx8yu xyri2b x18d9i69 x1c1uobl x1hl2dhg x16tdsg8 x1vvkbs x3nfvp2 x1j61x8r x1fcty0u xdj266r xat24cr xm2jcoa x1mpyi22 xxymvpz xlup9mm x1kky2od\"><img loading=\"lazy\" decoding=\"async\" class=\"xz74otr x15mokao x1ga7v0g x16uus16 xbiv7yw\" src=\"https:\/\/static.xx.fbcdn.net\/images\/emoji.php\/v9\/tfc\/1\/16\/1f44d.png\" alt=\"\ud83d\udc4d\" width=\"16\" height=\"16\" \/><\/span><strong>Dojazd do klienta bezp\u0142atny + zni\u017cka &#8211; 10% z kart\u0105 seniora.<\/strong><\/div>\r\n[\/vc_column_text][\/vc_column][\/vc_row][vc_row][vc_column][vc_single_image image=&#8221;4181&#8243; img_size=&#8221;medium&#8221; alignment=&#8221;center&#8221; css=&#8221;&#8221;][\/vc_column][\/vc_row]<!-- \/wp:post-content --><\/div>","protected":false},"excerpt":{"rendered":"<p>[vc_row][vc_column][vc_single_image image=&#8221;4164&#8243; img_size=&#8221;large&#8221; css=&#8221;&#8221;][\/vc_column][\/vc_row][vc_row][vc_column][vc_column_text css=&#8221;&#8221;] FOTOGRAF MOBILNY &#8211; przyjad\u0119 do Twojego domu Dojazd do klienta bezp\u0142atny + zni\u017cka &#8211; 10% z kart\u0105 seniora. Zdj\u0119cia do dowodu, paszportu, legitymacji w domach os\u00f3b, kt\u00f3re maj\u0105 trudno\u015bci z poruszaniem si\u0119 \u2013 senior\u00f3w, os\u00f3b chorych, niepe\u0142nosprawnych czy le\u017c\u0105cych. Potrzebujesz zdj\u0119cia do dokument\u00f3w, ale nie mo\u017cesz dotrze\u0107 do naszego GREENstudio [&hellip;]<\/p>\n","protected":false},"author":1,"featured_media":0,"parent":0,"menu_order":0,"comment_status":"closed","ping_status":"closed","template":"","meta":{"footnotes":""},"class_list":["post-1064","page","type-page","status-publish","hentry"],"_links":{"self":[{"href":"https:\/\/greenstudio.com.pl\/index.php\/wp-json\/wp\/v2\/pages\/1064","targetHints":{"allow":["GET"]}}],"collection":[{"href":"https:\/\/greenstudio.com.pl\/index.php\/wp-json\/wp\/v2\/pages"}],"about":[{"href":"https:\/\/greenstudio.com.pl\/index.php\/wp-json\/wp\/v2\/types\/page"}],"author":[{"embeddable":true,"href":"https:\/\/greenstudio.com.pl\/index.php\/wp-json\/wp\/v2\/users\/1"}],"replies":[{"embeddable":true,"href":"https:\/\/greenstudio.com.pl\/index.php\/wp-json\/wp\/v2\/comments?post=1064"}],"version-history":[{"count":5,"href":"https:\/\/greenstudio.com.pl\/index.php\/wp-json\/wp\/v2\/pages\/1064\/revisions"}],"predecessor-version":[{"id":4191,"href":"https:\/\/greenstudio.com.pl\/index.php\/wp-json\/wp\/v2\/pages\/1064\/revisions\/4191"}],"wp:attachment":[{"href":"https:\/\/greenstudio.com.pl\/index.php\/wp-json\/wp\/v2\/media?parent=1064"}],"curies":[{"name":"wp","href":"https:\/\/api.w.org\/{rel}","templated":true}]}}